 (-35)/21. What are the prime factors of v/(-4)*2 - -14?
3, 5
Let f be 2/(-9) + 476/36. Suppose 4*r - r - 12 = 0. Suppose -z - 3*l = -f, r*l - 22 = -4*z + 2*z. List the prime factors of z.
7
Let t = -59 + 134. Suppose -n = 2*s - 45, -2*s + 6*s = n + t. Suppose -28 = -2*p + 6*l - 11*l, 0 = -5*l + s. List the prime factors of p.
2
Suppose -3*x + 0*x = -18. Suppose 0 = 3*o - 27 + x. What are the prime factors of o?
7
Let t(l) = -l**3 + 5*l**2 - 2*l. Let c be t(4). Suppose c = 6*g - 2*g. What are the prime factors of 3 + g + (-39)/(-3)?
2, 3
Let k = 10 + -7. List the prime factors of k.
3
Suppose 3*z + 0*z - 3 = 0. Let n be (-4)/8 - 22/(-4). Suppose -f - z + n = 0. What are the prime factors of f?
2
Suppose -2*p + 4*p + 6 = 0. Let q = -6 - p. List the prime factors of (q/(-2))/((-10)/(-100)).
3, 5
Suppose -5*x = -39 + 94. Let w = 19 + x. What are the prime factors of w?
2
Let b(m) = -m**2 - 7*m - 9. Let x be b(-5). Suppose -4*n + 30 = 5*o, 0 = 3*o + 2*n - 3*n - x. What are the prime factors of o?
2
Suppose -24 = -2*i - i + 3*p, 10 = i - 2*p. Suppose 2*u - 41 = -3*l, -4*u + 80 = -2*l + i*l. List the prime factors of u.
19
Let w = -2 + 5. Suppose 0*d - 4 = -d - g, -w*d - 4*g + 11 = 0. List the prime factors of d/15*(15 + 0).
5
Let v(m) = -2*m. Let i be v(-1). Suppose -i*o + 2 + 10 = 0. List the prime factors of o.
2, 3
Let c = 16 + -2. List the prime factors of c.
2, 7
Suppose -3*n + 0*n + 33 = 0. Suppose 2*j + 3*x + 11 = 0, 3*x + 6 = j - n. Suppose j*q - 70 = -3*q. What are the prime factors of q?
2, 7
Let d(k) = 6*k + 19. What are the prime factors of d(11)?
5, 17
What are the prime factors of (-3 + (-55)/(-20))*-52?
13
Suppose -4*z + 4*c - c = -4, -3*z + 20 = 2*c. Suppose q + z*q - 230 = 0. List the prime factors of q.
2, 23
Let u(d) = -98*d**3 + 2*d**2 + 3*d + 1. List the prime factors of u(-1).
2, 7
Let p = -25 - -27. Suppose -p*g + 2*a = -34, -2*a = 3*g - 20 - 36. List the prime factors of g.
2, 3
Suppose r = 16 - 5. List the prime factors of r.
11
Let z be (4/(-6))/(2/51). Suppose -69 = 3*f + g, 4*f + 15 = -3*g - 72. Let r = z - f. What are the prime factors of r?
7
Suppose -2*d + 6*d - 32 = 0. Suppose 0 = 3*i - i + d. Let c(q) = q**2 + q - 1. List the prime factors of c(i).
11
Let d be (-2)/6 + (-3)/(-9). Let a = d + 2. Suppose a = g - 8. What are the prime factors of g?
2, 5
Let k be ((-3)/(-2))/((-1)/(-2)). Let c be (-9)/(-36) - (-15)/4. Suppose k*a = 2*t + 10 + 7, -4*t = -c*a + 20. What are the prime factors of a?
7
Suppose -4*k - 14 = -2*k. Let s = k - -19. What are the prime factors of s?
2, 3
Suppose 0 = 3*z + n + 10, -z + n - 1 - 1 = 0. Let w be (-10)/(-8) - z/(-12). List the prime factors of w/(-3) - (-68)/6.
11
Let q(t) = -t**3 - t**2 + 5*t + 4. Suppose -3 = l - 1. Let c = -5 - l. What are the prime factors of q(c)?
7
Suppose -5*x + 5*m = -x - 357, -5*m + 83 = x. List the prime factors of x.
2, 11
Let b(i) = 4*i**2 + i**3 + 0*i - 2*i**3 - i + 6. Let m be b(5). Let w = -12 - m. What are the prime factors of w?
2, 3
List the prime factors of 22*1/(4/16).
2, 11
Let n be ((-1)/1)/(2/(-110)). Suppose n = 2*x - w, 0*w - 5*w - 41 = -x. List the prime factors of x.
2, 13
Suppose 2 = -3*t - 4. Let s = 15 + t. What are the prime factors of s?
13
Let a = -15 - -9. Let y(h) = -h. List the prime factors of y(a).
2, 3
Let w be 1050/24 + 2/8. Let x = 45 + -74. Let g = x + w. What are the prime factors of g?
3, 5
Suppose -d = -v + 18, -3*v + 0*d = -4*d - 51. List the prime factors of v.
3, 7
Let g be (-2 - -8)/((-9)/(-6)). Suppose -4*s + 6*s = -4*k + 56, -k + 14 = g*s. What are the prime factors of k?
2, 7
Let h(g) = 0*g**3 - 3*g**2 + 2*g**2 - 1 + g + 2*g**3. List the prime factors of h(2).
13
Suppose 0 = -2*j + 5*j - 27. What are the prime factors of (-46)/(-4) - j/6?
2, 5
Let l(o) = o**3 - o**2 + o + 2. Suppose -5*k + 6 = -3*z - 9, 20 = 2*k - 4*z. Let m be l(k). Suppose -16 - 6 = -m*y. What are the prime factors of y?
11
Suppose 0 = 2*n + x - 302, 785 = 5*n + 2*x - 7*x. What are the prime factors of n?
3, 17
Suppose 553 + 25 = 2*k. What are the prime factors of k?
17
Suppose -4*t + 5*o + 70 = -0*o, -3*t = -3*o - 51. Let c be 470/t*(-3)/(-2). Suppose 4 = -5*f + 3*d + c, 0 = -f + 2*d + 3. List the prime factors of f.
11
Suppose 5*r = 8 + 12. Suppose 9*u - 75 = r*u. What are the prime factors of u?
3, 5
Let i = 6 - -9. What are the prime factors of i?
3, 5
Suppose -2*p - p = 0, 699 = 3*v + 4*p. What are the prime factors of v?
233
Let a = 1 - -1. What are the prime factors of 26/(-4)*(-4)/a?
13
Let h(c) = 12*c**2 + 2*c. Let r be h(-3). Let b = r - 69. List the prime factors of b.
3, 11
Let b(s) = -s**2 - 2*s - 1. Let a be b(-1). Suppose -5*u + 16 - 6 = a. Suppose 10 = 4*l - u. List the prime factors of l.
3
Suppose 3*j - 106 = -4*b - 2, -2*b + 112 = 3*j. What are the prime factors of j?
2, 5
Let r(g) = 9*g**2 - 8*g - 1. List the prime factors of r(5).
2, 23
Let o(w) = 4*w + 4. Let n be o(4). Suppose -p = p - n. Let q = -2 + p. List the prime factors of q.
2
Suppose -26 = -3*k + 5*l, -2*k + 9 = -3*l - 2*l. List the prime factors of k.
17
Let f = 5 - 2. Let g = f - -13. List the prime factors of g.
2
Let c(j) = -3*j**2 + 15*j - 9. Let v(o) = -2*o**2 + 7*o - 5. Let d(l) = -3*c(l) + 5*v(l). What are the prime factors of d(-7)?
23
Let y = -39 + 19. Let j = 0 - y. What are the prime factors of j?
2, 5
Suppose 5 = 3*o - 10. Suppose o - 2 = v. List the prime factors of v.
3
Suppose y - 90 = -3*m + 8*m, -5*y - 2*m + 369 = 0. Suppose -r + i + 25 = -0*r, 3*r - i - y = 0. What are the prime factors of r?
5
Let t(z) = -2*z - 1. Suppose 4 = -3*s - 26. List the prime factors of t(s).
19
Let g(v) = v**3 + 11*v**2 + 8*v + 1. Suppose 0*r - 40 = 4*r + 5*h, r - 2*h + 10 = 0. What are the prime factors of g(r)?
3, 7
Let i(z) = -z + 8. Let o(v) = v + 1. Let j be o(-7). List the prime factors of i(j).
2, 7
Let n = 32 - -12. Suppose n - 269 = -5*s. What are the prime factors of s?
3, 5
Let l(i) = i - 4. Let j be l(5). Let u be j/(3/3*-1). Let m = u - -3. List the prime factors of m.
2
Let y = -6 - -26. List the prime factors of y.
2, 5
Let x(n) = n**2 - 5*n + 4. What are the prime factors of x(11)?
2, 5, 7
Suppose 5*o - 2*q + 5 = 3*q, 4*o - 14 = -2*q. Let i be ((-12)/(-5))/(o/5). Let w = -1 + i. What are the prime factors of w?
5
Let f(k) = -5*k**2 + 7*k**2 - k**2 + 6 + k. List the prime factors of f(-5).
2, 13
Suppose 2*b - 10 = 5*m, -2*b + 3 = -4*m - 7. Suppose -2*o - 4*p + 16 = m, 4*o + 6*p = p + 26. List the prime factors of o.
2
Suppose 3*p + q - 20 = 0, q = -5*p - 4*q + 50. Suppose c + c + p*i = -26, -2*i = c + 11. Let m = c - -7. List the prime factors of m.
2
Let a(d) = -9*d - 4. List the prime factors of a(-2).
2, 7
Let m(v) = -4*v**2 - 4*v - 3. Let n be m(-3). Let c = -16 - n. List the prime factors of c.
11
Let y = -2 + 3. Let b be 1 + -1 - (1 - y). Suppose 3*q + b*q = 18. What are the prime factors of q?
2, 3
Suppose -125 = -2*d + 241. Suppose -3*g = -0*g - d. Let y = -42 + g. What are the prime factors of y?
19
Let s(h) = h**2 + 8*h - 1. Let l be s(-6). Let b = 18 + l. What are the prime factors of b?
5
Suppose -o - 4 = -2. Let m be 8*(1 - (-1)/o). Suppose 3*p = -4*j + 4, -2*j + 32 = 2*j - m*p. List the prime factors of j.
2
Suppose 3*o - 2*t - 17 = 0, -5*t = -7*o + 2*o + 30. Suppose f + 12 = o*f. List the prime factors of f.
3
Suppose -3*g = -3*v + 45, 4*g = -5*v + 4*v - 80. Let t be g/(-3) - (-3)/(-9). List the prime factors of (-2)/(2 + (-15)/t).
2
Let m(t) = -t**2 + 14*t - 15. What are the prime factors of m(9)?
2, 3, 5
Let x be 10*((-1)/(-1))/(-1). List the prime factors of ((-8)/x)/(4/30).
2, 3
List the prime factors of (4/((-16)/8))/(2/(-73)).
73
Suppose 0 = 9*p - 10*p. List the prime factors of 0 - (p - 100/4).
5
Let a(l) = l - 2. Let z be a(3). Let f(k) = 20*k**3 - k**2 + 1. What are the prime factors of f(z)?
2, 5
Let l = -4 + 12. List the prime factors of l.
2
Let u be -5 - (4 + -1)/3. Let o = 8 + u. Suppose -2*r + g + 33 - 4 = 0, o*g - 26 = -3*r. List the prime factors of r.
2, 3
Let k = 644 + -302. List the prime factors of k.
2, 3, 19
Suppose 4*o = 9*o - 90. What are the prime factors of o?
2, 3
Let w = -9 - -14. Let j(p) = -2 - p - w + 9. List the prime factors of j(-4).
2, 3
Let j be 14/6 - (-2)/(-6). Suppose -j*a = 3*a + 10. What are the 